 -304. Suppose 0 = -3*i + f + 55, -3*i - y = -7*i + 5*f. Let b(v) = -8*v + 5. Let c be b(-5). Calculate the highest common factor of c and i.
9
Let b = -666 - -678. Suppose 4*p = 16 + 32. What is the highest common divisor of p and b?
12
Let a be (-2)/15 + (-193)/15. Let i = 65 - a. What is the greatest common factor of 39 and i?
39
Let t be (-6)/(-54) + 220/45. Calculate the highest common factor of 4 and t.
1
Suppose -44*a = -16*a - 16856. What is the highest common divisor of a and 86?
86
Let f = -15 - -26. Suppose 2*u = 39 + 11. Suppose -19 = -4*s + u. Calculate the highest common divisor of f and s.
11
Suppose 0 = 3*n - 4*n + 32. Suppose 4*r = u - n, -3*u = u - 2*r - 114. Suppose -3*w = -0*w - 12. What is the greatest common factor of u and w?
4
Let y be 24/(-28) + (-1390)/(-70). What is the highest common factor of 475 and y?
19
Let n(w) be the second derivative of -w**4/12 - 5*w**3/6 - 6*w**2 + w. Let g be n(-16). Let s = g - -263. What is the greatest common divisor of s and 15?
15
Let n be -48*(11/(-3) - -3). What is the highest common factor of 144 and n?
16
Suppose 4*t = -4*m + 816, 2*t - 80 = -m + 124. What is the highest common factor of m and 136?
68
Let p(d) = -35*d**3 + 3*d**2 - 6*d - 4. Let y be p(-6). Let v be y/231 + (-2)/6 + 0. What is the highest common divisor of v and 3?
3
Suppose 66*m - 372 = 62*m. Let v = m - 92. Calculate the greatest common factor of 5 and v.
1
Let j(l) = 7*l**2 + 66*l - 3. Let u be j(-10). Calculate the highest common divisor of 703 and u.
37
Let x = 19 + -7. Suppose 0 = 3*h - 3*u, -2*h + u = -4*u + x. Suppose 0 = 19*v - 23*v + 16, -f = -v. Calculate the highest common divisor of f and h.
4
Suppose -30 = -4*k + 6. Suppose -4*q + 160 = -20. Suppose 0 = -6*b + b + q. What is the greatest common divisor of k and b?
9
Let q = -43 + 43. Let r be -1 + q + -2 + 5. Calculate the highest common divisor of r and 8.
2
Let i(q) = q**2 - 24*q - 158. Let g be i(30). Calculate the highest common divisor of g and 110.
22
Let g(m) = -m**3 - 2*m**2 - 4*m - 7. Let l be g(-2). Let f be -13 - -83 - (3 + l). Suppose -7 - 11 = -3*x. What is the greatest common divisor of x and f?
6
Let p be ((-28)/(-7))/(3/9). Let s be 5/75*p*(115 - 0). Calculate the greatest common divisor of s and 23.
23
Suppose 5*f = a - 49, -3*a + 5*f + 151 = a. Calculate the greatest common divisor of a and 51.
17
Suppose 0 = 3*r + 6, 5*l + r + 281 = 1059. What is the greatest common divisor of l and 12?
12
Let s(u) = -u + 197. Let a be s(11). Calculate the greatest common divisor of 6 and a.
6
Let j be 1 + (43 - 5) + 2 - 1. Calculate the greatest common divisor of j and 220.
20
Suppose -19*r + 23*r = 448. Calculate the highest common divisor of r and 168.
56
Let x = -99 - -563. Calculate the highest common divisor of x and 58.
58
Let l(t) = -t**3 + 3*t**2 + 7*t - 5. Let o be l(4). Suppose -o = -3*u + 8. What is the highest common divisor of u and 20?
5
Suppose 22 = 2*z + 5*p, -4*z - 3*p + 23 = -7. Suppose 4*v - 59 = 13. Calculate the highest common factor of v and z.
6
Let p be 3 - 1 - 1 - -20. Suppose 57 = 3*g - 5*d, 4*g - 24 = -2*d + 26. What is the highest common factor of g and p?
7
Suppose 4*y = 2*t - 106, 9*y = 4*y + 5*t - 130. Let r be 8*(1 + y/(-6)). What is the highest common divisor of 11 and r?
11
Let u be 74 - -17 - 2/(-1 + 3). Calculate the highest common factor of u and 99.
9
Suppose 118 = -2*n - 120. Let v = -47 - n. Calculate the greatest common divisor of v and 24.
24
Let q be 0 - (-46)/(-3 - (7 + -12)). What is the greatest common factor of q and 368?
23
Let u = -5 - -5. Let c(n) = -n**3 + n**2 + n + 46. Let v be c(u). What is the highest common divisor of 92 and v?
46
Let s(o) = 10*o + 196. Let a be s(-18). What is the greatest common factor of a and 2864?
16
Suppose 4*b - 284 = 4*y, 3*b = -7*y + 12*y + 211. What is the greatest common divisor of 60 and b?
12
Let n(u) = 21 + 33*u - 62*u + 26*u. Let w be n(6). What is the greatest common factor of 24 and w?
3
Let s = 425 + -365. Calculate the highest common factor of s and 140.
20
Let a(n) = -42*n + 508. Let o be a(12). Let y = 9 - 6. What is the highest common factor of o and y?
1
Let r = 81 - 81. Suppose -21*i + 7*i + 308 = r. Calculate the highest common factor of 176 and i.
22
Let o be 218/2 - (-197 + 200). What is the highest common divisor of 16 and o?
2
Let h(x) = -x**2 + 5*x + 6. Let o be h(6). Let l be 40 + (2 - o/(-2)). Let z = -142 - -170. What is the highest common factor of l and z?
14
Let o = -389 - -390. What is the greatest common factor of 16 and o?
1
Suppose -4*z + i - 192 = -3*i, -4*i = -2*z - 104. Let h = z - -73. Calculate the greatest common divisor of 261 and h.
29
Suppose 21 = -4*x + 237. Suppose 45*z + 23*z - 5508 = 0. What is the highest common divisor of z and x?
27
Let k be (6/(-9))/(((-4)/3)/(-4)). Let u be -5 + 8 - (2/k + -34). What is the greatest common divisor of u and 95?
19
Let r be (-6)/45*39*-5. Calculate the highest common factor of r and 1456.
26
Let w = 42 - 46. Suppose 5 + 2 = -j. Let h be j/((-1)/((-12)/w)). What is the greatest common divisor of h and 14?
7
Suppose 264 = -4*w + 8*w. Let s = -53 + w. Calculate the greatest common factor of s and 91.
13
Let a(p) = -p**3 + 13*p**2 + 5*p - 7. Let d be a(3). Calculate the highest common divisor of d and 2.
2
Suppose -7989 = -27*w - 2157. Calculate the greatest common factor of 162 and w.
54
Let i be (-30)/(-9)*18/5. Let d be ((-6)/i)/((-2)/216). Suppose 5*m - 51 = d. Calculate the highest common factor of m and 21.
21
Let o(j) = j + 7. Let u be o(0). Suppose 0 = -4*i - p + u, -i + 16 = i - 2*p. Suppose i*b = b + 72. What is the greatest common factor of b and 24?
12
Let c = -336 + 351. What is the greatest common factor of c and 24?
3
Let c be 14/(4/2) + 512/4. Calculate the greatest common divisor of c and 54.
27
Let f(b) = b**3 + 4*b**2 + b - 2. Let h be f(-5). Let n be (75/10)/((-12)/h). Calculate the greatest common factor of n and 20.
20
Let t be 5 + (-2 - -1)/(-1). Suppose t*i - 7*i + 33 = 0. What is the highest common factor of 11 and i?
11
Let a be 19/4*(6 + -4 + 2). What is the greatest common divisor of 190 and a?
19
Suppose 2*y + 17 = w + 2*w, 0 = 5*w + 3*y - 3. Suppose -w*l = -5*l - 4*b + 2, l = b + 13. Let m = l + -4. What is the highest common divisor of 5 and m?
5
Let j = 15 - 12. Let u(f) = f**2 + f + 1. Let p be u(2). Suppose p = j*c - 23. What is the greatest common divisor of 30 and c?
10
Let p = -18 + 20. Suppose 24 = p*t - 3*s - 2*s, -4*t + 72 = -4*s. Calculate the highest common factor of t and 242.
22
Suppose 7*w - 11*w + 88 = 0. What is the highest common factor of w and 44?
22
Let r(b) = 5*b + 2 + 6*b**2 - 4*b - b**2. Let g be r(-2). Let v(o) = 3*o**2 - 10*o + 5. Let w be v(5). Calculate the highest common divisor of g and w.
10
Let z(t) = -t + 17. Let f be z(0). Let u be (2/(8/(-34)))/((-52)/104). Calculate the highest common factor of u and f.
17
Let q(b) = 19*b**2 + 130*b - 15. Let h be q(-7). Let z = 13 - 3. Calculate the highest common factor of h and z.
2
Let r be 6*(-2)/(-15)*40. Suppose 3*x - 5*z - 20 = -3, -5*z + 11 = 4*x. What is the highest common divisor of x and r?
4
Let n be (-1 + -45)*4/8. Let c be (1 - n) + (0 - -2). Suppose 5*o + 2*z - 93 - 37 = 0, z = -o + c. Calculate the greatest common divisor of 13 and o.
13
Let l be (-8)/(-28) - 38/(-14). Let s(z) = 2*z**3 - 91*z**2 + 44*z + 78. Let h be s(45). What is the highest common divisor of l and h?
3
Let q = 16 - 11. Suppose -z + 12 + 3 = 0. Suppose -5*m + q = -z. What is the greatest common divisor of m and 36?
4
Let c(a) = a**3 + 17*a**2 - 6*a**2 - 12 + 34*a - 51*a. Let w be c(-12). Calculate the highest common factor of w and 6.
6
Let j(y) = y**3 + 3*y**2 - 7*y + 1. Let k be j(3). Let i be (-4595)/(-15) - (-4)/(-12). Calculate the greatest common factor of k and i.
34
Let j be (-12)/28 - 6/(-14). Suppose -4*a = -2*l - 538, a + 3*l = -j*a + 117. Calculate the highest common divisor of 12 and a.
12
Let z(f) = -17*f - 9. Let o be z(-7). Let d = -48 - -70. What is the highest common factor of d and o?
22
Suppose -7*w + 1324 - 246 = 0. What is the greatest common divisor of 14 and w?
14
Let m be 3296/20 - (-2)/10. Let g be 1 + (-1 - (6 + 0)). Let a = 9 - g. What is the highest common divisor of m and a